at are the prime factors of s(3)?
23, 1481
Let r(o) = 5*o**2 + 56*o - 532. List the prime factors of r(10).
2, 3, 11
What are the prime factors of 3450/3 - (14/(-14) + 1)?
2, 5, 23
Let o(r) = 4*r**3 - 5*r**2 + 4*r - 5. Let d be o(4). Suppose 4*h = 3*w - 782, -3*h + 465 = w + d. Suppose 0 = -0*z + 2*z - w. List the prime factors of z.
7, 19
Suppose 57*d - 2131901 = 13*d + 13*d. List the prime factors of d.
68771
Suppose 0 = u - 3*p - 19660, -p - 94913 = -3*u - 35933. What are the prime factors of u?
2, 5, 983
Suppose -7 = y + 2*n - 2, -5*n - 8 = -2*y. List the prime factors of (1646 - 39) + -5 + (y - -1).
2, 3, 89
Let s(w) = -w**3 + 3*w**2 - w + 14. Let a be s(4). Let r(j) = -85*j + 51. List the prime factors of r(a).
3, 11, 17
Let i(h) = -90*h**3 + 3*h**2 - 10*h - 122. List the prime factors of i(-6).
2, 9743
Let g = -65874 + 112253. What are the prime factors of g?
19, 2441
Let f(q) = q**2 + 30*q - 381. List the prime factors of f(42).
3, 881
Let a(z) = 3*z**3 - 4*z**2 - 50*z - 36. Let x(q) = -q**3 + 2*q**2 + 17*q + 12. Let p(r) = -3*a(r) - 8*x(r). What are the prime factors of p(-7)?
61
Let v be (-7)/(-4) - (-8)/32. Suppose 4*t - 244 = 176. Suppose -285 = -4*y + 3*o + 130, -y = -v*o - t. List the prime factors of y.
103
Suppose -4*l = s - 224311, 4*l - 130*s + 125*s - 224269 = 0. What are the prime factors of l?
2, 3, 4673
Suppose -13*z + 2277 = -36*z. Let c = 214 + z. What are the prime factors of c?
5, 23
Suppose -3*r - 4*f + 53718 = 0, 3*r - 146*f - 53700 = -147*f. List the prime factors of r.
2, 3, 19, 157
List the prime factors of (1/3)/((92/(-48864))/(-23)).
2, 509
Let h be 4 - 8/6*(-4350)/25. Suppose -5*v - 71 = -h. List the prime factors of v.
3, 11
Let l be 55344/(-69) + 64/736. Let s = l - -1765. What are the prime factors of s?
3, 107
Suppose -83*l + 1075231 = -3412413. What are the prime factors of l?
2, 7, 1931
Let t = 22 + 343. Suppose -360*i = -t*i + 3375. List the prime factors of i.
3, 5
Suppose -117*n = -797646 - 195099. List the prime factors of n.
5, 1697
Let x(d) = 25*d**3 + 79*d**2 + 34*d - 48. Let b(i) = 17*i**3 + 53*i**2 + 23*i - 32. Let o(u) = 7*b(u) - 5*x(u). What are the prime factors of o(-7)?
31
Suppose -1848 = -3*b + 3*s, 3*s + 58 - 46 = 0. What are the prime factors of b?
2, 3, 17
What are the prime factors of (-6 - -2008 - 10) + (1 - 11)?
2, 991
Let o = 4484 + -887. Suppose 0 = -4*p + o - 901. List the prime factors of p.
2, 337
Let c be ((-104)/5)/((4/10)/(-2)). Suppose -c*z + 103*z = 75. Let f = z + 101. What are the prime factors of f?
2, 13
Suppose -1 + 3 = -2*j, 2*c - j = 13. List the prime factors of c - (4 - 1) - -616.
619
List the prime factors of (-14461794)/(-324) + 25/30*1.
2, 11159
Suppose -3*d - 2*h = -23, 0 = d - 3*d - 3*h + 22. Suppose d*r + 2425 = 5*t - 1695, 4*r = -3*t + 2437. What are the prime factors of t?
3, 7, 13
Let z = 45398 - 31141. What are the prime factors of z?
53, 269
Let y = 7925 + -1392. Suppose -829 + y = 31*j. What are the prime factors of j?
2, 23
Let t be 80/7 - 33/77. Let q(d) = -d**3 + 10*d**2 + 13*d - 22. Let x be q(t). List the prime factors of 6/9*126 - (3 + x).
3
Suppose -4*j = 3*k + 128, 2*k + 3*k + 204 = -2*j. Let s = 129 - k. What are the prime factors of s?
13
Suppose 2*d = 3*n + 92, -2*d + n - 19 = -119. Suppose -58*x + d*x = -252. What are the prime factors of x?
2, 3, 7
What are the prime factors of ((260676/12)/3 - (-7 + 1)) + 6?
7253
Let q be (-5705)/(-15) - (-8)/(-6). Let a = q - -48. What are the prime factors of a?
7, 61
Let y(z) = z**3 - 12*z**2 - 14*z + 17. Let m be y(13). Suppose -h + 3*l = -91, -3*h + m*h - l - 85 = 0. List the prime factors of h.
2, 41
Suppose 5*k - 90*r = -85*r + 185210, 37026 = k + 3*r. What are the prime factors of k?
2, 3, 6173
Suppose 2794 = 35*s - 24*s. Suppose 2*q + s = 512. What are the prime factors of q?
3, 43
Let d(a) = -a**3 - 24*a**2 - 3*a - 17. Let s be d(-24). Let z(o) = -o - 2*o - 15*o**3 - 2 - 2*o**2 + 4*o**3 - s*o**3. List the prime factors of z(-1).
5, 13
List the prime factors of (-6647)/(-92) + 105/(-84).
71
Let p be -1*(-3)/(-6)*0. Suppose -3*i + 2*c + 1931 = p, -7*i = -5*i + c - 1299. What are the prime factors of i?
647
Let g(a) = a**3 - 11*a**2 + 3*a - 191. Let m be g(12). Let t(r) = 10*r**2 - 5*r + 35. What are the prime factors of t(m)?
2, 5, 13
Let f = 77 - -3. List the prime factors of (-96)/f*(-1470)/4.
3, 7
Let q = 1 - -1. Suppose k + 3 = 0, -7*k - 425 = -o - q*k. What are the prime factors of o?
2, 5, 41
Suppose 0 = 2*o - 2*k - 18, 3*o = -3*k - 6 + 39. Let z be (12/20)/((4/o)/2). What are the prime factors of z/(-6)*1 + (-293)/(-2)?
2, 73
Suppose 3*f = 5*b - 189174, 4*b + 13*f = 18*f + 151347. What are the prime factors of b?
3, 12611
Suppose 5246748 = 319*l + 32*l. List the prime factors of l.
2, 37, 101
Let h = 3752 - -905. List the prime factors of h.
4657
Let g(n) = 7*n**3 - 53*n**2 - 30*n + 66. List the prime factors of g(19).
2, 3547
Let a(p) = 124 + 21*p - 5*p - 5*p + 16*p - 4*p. What are the prime factors of a(30)?
2, 11, 37
Let z(b) = -b**2 - 3*b + 12. Let r be z(-5). Let d be r/(-4) + (-9)/6. List the prime factors of (85 + 1)*(4 - (d + 5)).
2, 43
Suppose 3*m = 5*o + m - 86, -2*o + 38 = m. Suppose 0 = 5*x - 3*k - o, -30 = -5*x - 4*k + 16. What are the prime factors of 3*(-19)/x*-2?
19
Let b be 187*(0 + -1) - (2 + 2). Let w = 654 - b. List the prime factors of w.
5, 13
Let x = 1233 + 4047. Let s = x - 3726. Suppose -s = -8*l + 374. What are the prime factors of l?
241
Let o be -183*(-5)/(-45)*3. Let g = o - -56. List the prime factors of 2/g - (712/(-5) + -5).
3, 7
Let m(j) = 89*j - 22. Let x be m(5). Let a = x + 109. What are the prime factors of a?
2, 7, 19
Let z(f) = f**3 + 13*f**2 + 2*f + 22. Let v(c) = 5*c + 25. Let h be v(-7). List the prime factors of z(h).
2, 151
Let m(i) = 15*i**3 + 8*i**2 - 25*i + 6. Let l be m(4). Suppose -5*z + l = -4*z. List the prime factors of z.
2, 7, 71
Let o(m) be the third derivative of m**5/30 + 29*m**4/24 + m**3 - 16*m**2. Let n be o(-11). Let t = n + 92. What are the prime factors of t?
3, 7
Let i(y) = -8*y - 3*y + 34*y**2 - 37*y**2. Let r be i(-4). What are the prime factors of 50 + (r - ((0 - 1) + -1))?
2, 3
Let g(a) be the third derivative of -a**4/4 - 6*a**3 + 211*a**2. Let n = 36 - 54. List the prime factors of g(n).
2, 3
Suppose -5*t = 5, 5*t = 3*s + 7 - 39. Suppose -1 = s*r - 28. Suppose -3*p - 12 = -4*f + p, 2*f - 3*p - r = 0. What are the prime factors of f?
2, 3
Suppose 9 = j + 4. Suppose k - 7 = j*u, -5*k - u = -2*k - 5. List the prime factors of k/(2 - (-460)/(-235)).
47
Suppose -q = -3*w - 30550, 966 - 963 = 3*w. List the prime factors of q.
30553
Let a(d) = -3744*d**2 + 34*d - 14. Let s(f) = -5616*f**2 + 49*f - 21. Let x(w) = 7*a(w) - 5*s(w). List the prime factors of x(1).
2, 3, 13
Let d(q) be the third derivative of q**5/60 + q**4/4 + 35*q**3/6 - 4*q**2 + 14. List the prime factors of d(28).
3, 7, 47
Let m(o) be the second derivative of 17*o + 0 + 6*o**2 - 1/2*o**3 + 1/12*o**4. List the prime factors of m(6).
2, 3, 5
Let f(r) = 2109*r - 5928. List the prime factors of f(6).
2, 3, 19, 59
Suppose 5*y - 32 = -3*x + 3, 5*x + y - 29 = 0. Let d(a) = -a + 12. Let f be d(9). Suppose f*g - 6*g + x*q + 70 = 0, 15 = -3*q. What are the prime factors of g?
3, 5
Let x = -6 - -13. Suppose -m + 168 = x*m. Suppose -18*l = -m*l + 243. List the prime factors of l.
3
Let a(n) = 180*n**2 - n + 14. Let x(c) = -c**3 + 8*c**2 + 8*c + 11. Let q be x(9). What are the prime factors of a(q)?
2, 3, 61
Let i = -10121 - -10750. List the prime factors of i.
17, 37
What are the prime factors of -8*1 - (-1018985)/97?
3, 3499
Let i = 1546 + 1504. Let z = -1531 + i. List the prime factors of z.
7, 31
Let l(m) = -3*m**3 + m. Let z be l(-1). Suppose -5*v = -w - 1005, -4*v + z*w - 6*w + 780 = 0. What are the prime factors of v?
2, 5
Let w(g) = -19*g + 14. Suppose -3*b + 91 = 85. Suppose -5*r - 2*s - b*s - 36 = 0, -3*r - 22 = 2*s. List the prime factors of w(r).
2, 83
Let v(u) be the third derivative of 5*u**4/3 - 5*u**3/2 - 137*u**2. List the prime factors of v(34).
5, 269
Let m(k) = k**3 - k**2 + 2*k. Let r(o) = -8*o**3 - 6*o**2 - 11*o - 7. Let n(v) = -6*m(v) - r(v). What are the prime factors of n(5)?
2, 3, 23
Suppose -3*k - 2*k = -810. Let l(x) = -4*x**2 + 10*x + 24. Let 